{"id":3971,"date":"2022-05-05T08:45:08","date_gmt":"2022-05-05T06:45:08","guid":{"rendered":"https:\/\/www.fitt.com\/?page_id=3971"},"modified":"2022-05-27T14:54:53","modified_gmt":"2022-05-27T12:54:53","slug":"informativa-sul-trattamento-dei-dati-personali-dei-candidati","status":"publish","type":"page","link":"https:\/\/www.fitt.com\/it\/privacy-policy\/informativa-sul-trattamento-dei-dati-personali-dei-candidati\/","title":{"rendered":"Informativa sul trattamento dei dati personali dei candidati"},"content":{"rendered":"<h1 style=\"text-align: center;\">Informativa sul trattamento dei dati personali dei candidati<\/h1>\n<p>&nbsp;<\/p>\n<p><strong>INFORMATIVA SUL TRATTAMENTO DEI DATI SEZIONE \u201cLAVORA CON NOI\u201d del sito come da Reg UE 2016\/679<\/strong><\/p>\n<p>In relazione ai trattamento dei dati personali forniti si informa che:<\/p>\n<ol>\n<li><strong>Titolare del Trattamento<\/strong><br \/>\nIl Titolare del Trattamento \u00e8 la societ\u00e0\u00a0<strong>FITT Spa<\/strong>, con sede legale in Sandrigo (VI) Via Piave n. 8 \u2013 36066,\u00a0<strong>tel<\/strong>\u00a0+39 0444461000<strong>e-mail<\/strong>\u00a0privacy@fitt.com\u00a0<strong>pec<\/strong>\u00a0fittspa@pec.confindustriavicenza.it (di seguito per brevit\u00e0 \u201cla Societ\u00e0\u201d).<\/li>\n<li><strong>Tipologia di dati trattati, Finalit\u00e0 e base giuridica del Trattamento<\/strong><br \/>\nI dati personali di natura comune (nome cognome, anagrafica, dati di contatto, telefono, email, ruolo, CV) ed eventualmente particolari, ove presenti, raccolti mediante invio del proprio CV dei candidati dipendenti \u2013 collaboratori\u00a0\u00e8 finalizzato unicamente all\u2019espletamento della selezione, ai fini di un eventuale inserimento nell\u2019organico della societ\u00e0.<br \/>\nBase giuridica del trattamento dei dati: adempimento della richiesta dell\u2019interessato \u2013 obblighi contrattuali \u2013 consenso.<\/li>\n<li><strong>Comunicazione dei dati a terzi \u2013 Destinatari dei dati<\/strong><br \/>\nIl Titolare potr\u00e0 comunicare i dati trattati per le finalit\u00e0 di cui sopra ai soggetti interni alla societ\u00e0 incaricati dello svolgimento della selezione.<\/li>\n<li><strong>Trasferimento dei dati a Paesi Terzi<\/strong><br \/>\nI dati trattati non vengono trasferiti dal Titolare verso Paesi terzi. Tuttavia, in caso di eventuale trasferimento di dati verso Paesi Terzi il trasferimento stesso avverr\u00e0 nel rispetto della normativa di volta in volta vigente in tema di trasferimento di dati verso Paesi Terzi.<\/li>\n<li><strong>Modalit\u00e0 di trattamento, periodo e criteri di conservazione dei dati<\/strong><br \/>\nI dati verranno trattati in formato cartaceo e digitale. Salvo il caso di Suo inserimento nell\u2019organico aziendale, i dati saranno trattati\/conservati dal Titolare per un periodo di 24 mesi dal rilascio, decorso il quale saranno automaticamente cancellati. In caso di inserimento nell\u2019organico aziendale verr\u00e0 rilasciata ulteriore apposita informativa sul trattamento dei dati.<\/li>\n<li><strong>Conferimento dei dati<\/strong><br \/>\nIl conferimento dei dati \u00e8 obbligatorio per la valutazione del candidato per i dati indicati con asterisco e facoltativo per gli altri dati. Il mancato conferimento dei dati obbligatori comporta l\u2019impossibilit\u00e0 di valutare la candidatura e perseguire le finalit\u00e0 suindicate.<\/li>\n<li><strong>Diritti dell\u2019interessato, Revoca del Consenso e Reclamo all\u2019Autorit\u00e0 di controllo<\/strong><br \/>\nL\u2019interessato ha il diritto in qualunque momento di richiedere l\u2019accesso ai propri dati personali, la rettifica, la cancellazione, la limitazione degli stessi, di opporsi al trattamento, di revocare il consenso prestato e di esercitare il diritto alla portabilit\u00e0 dei dati, nei casi in cui ci\u00f2 \u00e8 applicabile, contattando il Titolare come indicato in calce. In caso di presunta violazione l\u2019interessato, ricorrendone i presupposti, ha inoltre il diritto di proporre reclamo ad una Autorit\u00e0 di controllo sul trattamento dei dati posta nello stato membro UE dove egli risiede abitualmente o nello stato UE in cui lavora o in cui \u00e8 avvenuta la presenta violazione.<\/li>\n<li><strong>Profilazione e processi decisionali automatizzati<\/strong><br \/>\nIl trattamento non viene effettuato mediante processi decisionali automatizzati (es. profilazione).<\/li>\n<li><strong>Contatti e richieste<\/strong><br \/>\nPer conoscere l\u2019elenco completo degli Incaricati Privacy interni\/per avere maggiori informazioni in ordine al trasferimento dei dati verso Paesi extra UE, i meccanismi e le tutele di trasferimento dei dati ex art 44 ss GDPR\/ per esercitare la revoca del consenso eventualmente prestato\/ per esercitare i Suoi diritti (accesso, rettifica, cancellazione, limitazione, opposizione, portabilit\u00e0) potr\u00e0 inviare una richiesta al contatto email all\u2019indirizzo email\u00a0<strong>privacy@fitt.com\u00a0<\/strong>o inviando un fax al n. +39 0444461099<\/li>\n<\/ol>\n","protected":false},"excerpt":{"rendered":"<p>Informativa sul trattamento dei dati personali dei candidati &nbsp; INFORMATIVA SUL TRATTAMENTO DEI DATI SEZIONE \u201cLAVORA CON NOI\u201d del sito come da Reg UE 2016\/679 In relazione ai trattamento dei dati personali forniti si informa che: Titolare del Trattamento Il Titolare del Trattamento \u00e8 la societ\u00e0\u00a0FITT Spa, con sede legale in Sandrigo (VI) Via Piave [&hellip;]<\/p>\n","protected":false},"author":1,"featured_media":0,"parent":2597,"menu_order":0,"comment_status":"closed","ping_status":"closed","template":"","meta":{"_acf_changed":false,"footnotes":""},"class_list":["post-3971","page","type-page","status-publish","hentry"],"acf":[],"yoast_head":"<!-- This site is optimized with the Yoast SEO Premium plugin v24.1 (Yoast SEO v27.3) - https:\/\/yoast.com\/product\/yoast-seo-premium-wordpress\/ -->\n<title>Informativa sul trattamento dei dati personali dei candidati - FITT<\/title>\n<meta name=\"robots\" content=\"noindex, nofollow\" \/>\n<meta property=\"og:locale\" content=\"it_IT\" \/>\n<meta property=\"og:type\" content=\"article\" \/>\n<meta property=\"og:title\" content=\"Informativa sul trattamento dei dati personali dei candidati\" \/>\n<meta property=\"og:description\" content=\"Informativa sul trattamento dei dati personali dei candidati &nbsp; INFORMATIVA SUL TRATTAMENTO DEI DATI SEZIONE \u201cLAVORA CON NOI\u201d del sito come da Reg UE 2016\/679 In relazione ai trattamento dei dati personali forniti si informa che: Titolare del Trattamento Il Titolare del Trattamento \u00e8 la societ\u00e0\u00a0FITT Spa, con sede legale in Sandrigo (VI) Via Piave [&hellip;]\" \/>\n<meta property=\"og:url\" content=\"https:\/\/www.fitt.com\/it\/privacy-policy\/informativa-sul-trattamento-dei-dati-personali-dei-candidati\/\" \/>\n<meta property=\"og:site_name\" content=\"FITT\" \/>\n<meta property=\"article:modified_time\" content=\"2022-05-27T12:54:53+00:00\" \/>\n<meta name=\"twitter:card\" content=\"summary_large_image\" \/>\n<meta name=\"twitter:label1\" content=\"Tempo di lettura stimato\" \/>\n\t<meta name=\"twitter:data1\" content=\"3 minuti\" \/>\n<script type=\"application\/ld+json\" class=\"yoast-schema-graph\">{\"@context\":\"https:\\\/\\\/schema.org\",\"@graph\":[{\"@type\":\"WebPage\",\"@id\":\"https:\\\/\\\/www.fitt.com\\\/it\\\/privacy-policy\\\/informativa-sul-trattamento-dei-dati-personali-dei-candidati\\\/\",\"url\":\"https:\\\/\\\/www.fitt.com\\\/it\\\/privacy-policy\\\/informativa-sul-trattamento-dei-dati-personali-dei-candidati\\\/\",\"name\":\"Informativa sul trattamento dei dati personali dei candidati - FITT\",\"isPartOf\":{\"@id\":\"https:\\\/\\\/www.fitt.com\\\/it\\\/#website\"},\"datePublished\":\"2022-05-05T06:45:08+00:00\",\"dateModified\":\"2022-05-27T12:54:53+00:00\",\"breadcrumb\":{\"@id\":\"https:\\\/\\\/www.fitt.com\\\/it\\\/privacy-policy\\\/informativa-sul-trattamento-dei-dati-personali-dei-candidati\\\/#breadcrumb\"},\"inLanguage\":\"it-IT\",\"potentialAction\":[{\"@type\":\"ReadAction\",\"target\":[\"https:\\\/\\\/www.fitt.com\\\/it\\\/privacy-policy\\\/informativa-sul-trattamento-dei-dati-personali-dei-candidati\\\/\"]}]},{\"@type\":\"BreadcrumbList\",\"@id\":\"https:\\\/\\\/www.fitt.com\\\/it\\\/privacy-policy\\\/informativa-sul-trattamento-dei-dati-personali-dei-candidati\\\/#breadcrumb\",\"itemListElement\":[{\"@type\":\"ListItem\",\"position\":1,\"name\":\"Home\",\"item\":\"https:\\\/\\\/www.fitt.com\\\/it\\\/\"},{\"@type\":\"ListItem\",\"position\":2,\"name\":\"Privacy Policy\",\"item\":\"https:\\\/\\\/www.fitt.com\\\/it\\\/privacy-policy\\\/\"},{\"@type\":\"ListItem\",\"position\":3,\"name\":\"Informativa sul trattamento dei dati personali dei candidati\"}]},{\"@type\":\"WebSite\",\"@id\":\"https:\\\/\\\/www.fitt.com\\\/it\\\/#website\",\"url\":\"https:\\\/\\\/www.fitt.com\\\/it\\\/\",\"name\":\"FITT\",\"description\":\"FITT Spa\",\"publisher\":{\"@id\":\"https:\\\/\\\/www.fitt.com\\\/it\\\/#organization\"},\"potentialAction\":[{\"@type\":\"SearchAction\",\"target\":{\"@type\":\"EntryPoint\",\"urlTemplate\":\"https:\\\/\\\/www.fitt.com\\\/it\\\/?s={search_term_string}\"},\"query-input\":{\"@type\":\"PropertyValueSpecification\",\"valueRequired\":true,\"valueName\":\"search_term_string\"}}],\"inLanguage\":\"it-IT\"},{\"@type\":\"Organization\",\"@id\":\"https:\\\/\\\/www.fitt.com\\\/it\\\/#organization\",\"name\":\"Fitt SPA\",\"url\":\"https:\\\/\\\/www.fitt.com\\\/it\\\/\",\"logo\":{\"@type\":\"ImageObject\",\"inLanguage\":\"it-IT\",\"@id\":\"https:\\\/\\\/www.fitt.com\\\/it\\\/#\\\/schema\\\/logo\\\/image\\\/\",\"url\":\"https:\\\/\\\/www.fitt.com\\\/wp-content\\\/uploads\\\/2022\\\/05\\\/logo-light.png\",\"contentUrl\":\"https:\\\/\\\/www.fitt.com\\\/wp-content\\\/uploads\\\/2022\\\/05\\\/logo-light.png\",\"width\":827,\"height\":508,\"caption\":\"Fitt SPA\"},\"image\":{\"@id\":\"https:\\\/\\\/www.fitt.com\\\/it\\\/#\\\/schema\\\/logo\\\/image\\\/\"}}]}<\/script>\n<!-- \/ Yoast SEO Premium plugin. -->","yoast_head_json":{"title":"Informativa sul trattamento dei dati personali dei candidati - FITT","robots":{"index":"noindex","follow":"nofollow"},"og_locale":"it_IT","og_type":"article","og_title":"Informativa sul trattamento dei dati personali dei candidati","og_description":"Informativa sul trattamento dei dati personali dei candidati &nbsp; INFORMATIVA SUL TRATTAMENTO DEI DATI SEZIONE \u201cLAVORA CON NOI\u201d del sito come da Reg UE 2016\/679 In relazione ai trattamento dei dati personali forniti si informa che: Titolare del Trattamento Il Titolare del Trattamento \u00e8 la societ\u00e0\u00a0FITT Spa, con sede legale in Sandrigo (VI) Via Piave [&hellip;]","og_url":"https:\/\/www.fitt.com\/it\/privacy-policy\/informativa-sul-trattamento-dei-dati-personali-dei-candidati\/","og_site_name":"FITT","article_modified_time":"2022-05-27T12:54:53+00:00","twitter_card":"summary_large_image","twitter_misc":{"Tempo di lettura stimato":"3 minuti"},"schema":{"@context":"https:\/\/schema.org","@graph":[{"@type":"WebPage","@id":"https:\/\/www.fitt.com\/it\/privacy-policy\/informativa-sul-trattamento-dei-dati-personali-dei-candidati\/","url":"https:\/\/www.fitt.com\/it\/privacy-policy\/informativa-sul-trattamento-dei-dati-personali-dei-candidati\/","name":"Informativa sul trattamento dei dati personali dei candidati - FITT","isPartOf":{"@id":"https:\/\/www.fitt.com\/it\/#website"},"datePublished":"2022-05-05T06:45:08+00:00","dateModified":"2022-05-27T12:54:53+00:00","breadcrumb":{"@id":"https:\/\/www.fitt.com\/it\/privacy-policy\/informativa-sul-trattamento-dei-dati-personali-dei-candidati\/#breadcrumb"},"inLanguage":"it-IT","potentialAction":[{"@type":"ReadAction","target":["https:\/\/www.fitt.com\/it\/privacy-policy\/informativa-sul-trattamento-dei-dati-personali-dei-candidati\/"]}]},{"@type":"BreadcrumbList","@id":"https:\/\/www.fitt.com\/it\/privacy-policy\/informativa-sul-trattamento-dei-dati-personali-dei-candidati\/#breadcrumb","itemListElement":[{"@type":"ListItem","position":1,"name":"Home","item":"https:\/\/www.fitt.com\/it\/"},{"@type":"ListItem","position":2,"name":"Privacy Policy","item":"https:\/\/www.fitt.com\/it\/privacy-policy\/"},{"@type":"ListItem","position":3,"name":"Informativa sul trattamento dei dati personali dei candidati"}]},{"@type":"WebSite","@id":"https:\/\/www.fitt.com\/it\/#website","url":"https:\/\/www.fitt.com\/it\/","name":"FITT","description":"FITT Spa","publisher":{"@id":"https:\/\/www.fitt.com\/it\/#organization"},"potentialAction":[{"@type":"SearchAction","target":{"@type":"EntryPoint","urlTemplate":"https:\/\/www.fitt.com\/it\/?s={search_term_string}"},"query-input":{"@type":"PropertyValueSpecification","valueRequired":true,"valueName":"search_term_string"}}],"inLanguage":"it-IT"},{"@type":"Organization","@id":"https:\/\/www.fitt.com\/it\/#organization","name":"Fitt SPA","url":"https:\/\/www.fitt.com\/it\/","logo":{"@type":"ImageObject","inLanguage":"it-IT","@id":"https:\/\/www.fitt.com\/it\/#\/schema\/logo\/image\/","url":"https:\/\/www.fitt.com\/wp-content\/uploads\/2022\/05\/logo-light.png","contentUrl":"https:\/\/www.fitt.com\/wp-content\/uploads\/2022\/05\/logo-light.png","width":827,"height":508,"caption":"Fitt SPA"},"image":{"@id":"https:\/\/www.fitt.com\/it\/#\/schema\/logo\/image\/"}}]}},"_links":{"self":[{"href":"https:\/\/www.fitt.com\/it\/wp-json\/wp\/v2\/pages\/3971","targetHints":{"allow":["GET"]}}],"collection":[{"href":"https:\/\/www.fitt.com\/it\/wp-json\/wp\/v2\/pages"}],"about":[{"href":"https:\/\/www.fitt.com\/it\/wp-json\/wp\/v2\/types\/page"}],"author":[{"embeddable":true,"href":"https:\/\/www.fitt.com\/it\/wp-json\/wp\/v2\/users\/1"}],"replies":[{"embeddable":true,"href":"https:\/\/www.fitt.com\/it\/wp-json\/wp\/v2\/comments?post=3971"}],"version-history":[{"count":2,"href":"https:\/\/www.fitt.com\/it\/wp-json\/wp\/v2\/pages\/3971\/revisions"}],"predecessor-version":[{"id":3973,"href":"https:\/\/www.fitt.com\/it\/wp-json\/wp\/v2\/pages\/3971\/revisions\/3973"}],"up":[{"embeddable":true,"href":"https:\/\/www.fitt.com\/it\/wp-json\/wp\/v2\/pages\/2597"}],"wp:attachment":[{"href":"https:\/\/www.fitt.com\/it\/wp-json\/wp\/v2\/media?parent=3971"}],"curies":[{"name":"wp","href":"https:\/\/api.w.org\/{rel}","templated":true}]}}

<h1 style="text-align: center;">Informativa sul trattamento dei dati personali dei candidati</h1>
<p>&nbsp;</p>
<p><strong>INFORMATIVA SUL TRATTAMENTO DEI DATI SEZIONE “LAVORA CON NOI” del sito come da Reg UE 2016/679</strong></p>
<p>In relazione ai trattamento dei dati personali forniti si informa che:</p>
<ol>
<li><strong>Titolare del Trattamento</strong><br />
Il Titolare del Trattamento è la società <strong>FITT Spa</strong>, con sede legale in Sandrigo (VI) Via Piave n. 8 – 36066, <strong>tel</strong> +39 0444461000<strong>e-mail</strong> privacy@fitt.com <strong>pec</strong> fittspa@pec.confindustriavicenza.it (di seguito per brevità “la Società”).</li>
<li><strong>Tipologia di dati trattati, Finalità e base giuridica del Trattamento</strong><br />
I dati personali di natura comune (nome cognome, anagrafica, dati di contatto, telefono, email, ruolo, CV) ed eventualmente particolari, ove presenti, raccolti mediante invio del proprio CV dei candidati dipendenti – collaboratori è finalizzato unicamente all’espletamento della selezione, ai fini di un eventuale inserimento nell’organico della società.<br />
Base giuridica del trattamento dei dati: adempimento della richiesta dell’interessato – obblighi contrattuali – consenso.</li>
<li><strong>Comunicazione dei dati a terzi – Destinatari dei dati</strong><br />
Il Titolare potrà comunicare i dati trattati per le finalità di cui sopra ai soggetti interni alla società incaricati dello svolgimento della selezione.</li>
<li><strong>Trasferimento dei dati a Paesi Terzi</strong><br />
I dati trattati non vengono trasferiti dal Titolare verso Paesi terzi. Tuttavia, in caso di eventuale trasferimento di dati verso Paesi Terzi il trasferimento stesso avverrà nel rispetto della normativa di volta in volta vigente in tema di trasferimento di dati verso Paesi Terzi.</li>
<li><strong>Modalità di trattamento, periodo e criteri di conservazione dei dati</strong><br />
I dati verranno trattati in formato cartaceo e digitale. Salvo il caso di Suo inserimento nell’organico aziendale, i dati saranno trattati/conservati dal Titolare per un periodo di 24 mesi dal rilascio, decorso il quale saranno automaticamente cancellati. In caso di inserimento nell’organico aziendale verrà rilasciata ulteriore apposita informativa sul trattamento dei dati.</li>
<li><strong>Conferimento dei dati</strong><br />
Il conferimento dei dati è obbligatorio per la valutazione del candidato per i dati indicati con asterisco e facoltativo per gli altri dati. Il mancato conferimento dei dati obbligatori comporta l’impossibilità di valutare la candidatura e perseguire le finalità suindicate.</li>
<li><strong>Diritti dell’interessato, Revoca del Consenso e Reclamo all’Autorità di controllo</strong><br />
L’interessato ha il diritto in qualunque momento di richiedere l’accesso ai propri dati personali, la rettifica, la cancellazione, la limitazione degli stessi, di opporsi al trattamento, di revocare il consenso prestato e di esercitare il diritto alla portabilità dei dati, nei casi in cui ciò è applicabile, contattando il Titolare come indicato in calce. In caso di presunta violazione l’interessato, ricorrendone i presupposti, ha inoltre il diritto di proporre reclamo ad una Autorità di controllo sul trattamento dei dati posta nello stato membro UE dove egli risiede abitualmente o nello stato UE in cui lavora o in cui è avvenuta la presenta violazione.</li>
<li><strong>Profilazione e processi decisionali automatizzati</strong><br />
Il trattamento non viene effettuato mediante processi decisionali automatizzati (es. profilazione).</li>
<li><strong>Contatti e richieste</strong><br />
Per conoscere l’elenco completo degli Incaricati Privacy interni/per avere maggiori informazioni in ordine al trasferimento dei dati verso Paesi extra UE, i meccanismi e le tutele di trasferimento dei dati ex art 44 ss GDPR/ per esercitare la revoca del consenso eventualmente prestato/ per esercitare i Suoi diritti (accesso, rettifica, cancellazione, limitazione, opposizione, portabilità) potrà inviare una richiesta al contatto email all’indirizzo email <strong>privacy@fitt.com </strong>o inviando un fax al n. +39 0444461099</li>
</ol>

<p>Informativa sul trattamento dei dati personali dei candidati &nbsp; INFORMATIVA SUL TRATTAMENTO DEI DATI SEZIONE “LAVORA CON NOI” del sito come da Reg UE 2016/679 In relazione ai trattamento dei dati personali forniti si informa che: Titolare del Trattamento Il Titolare del Trattamento è la società FITT Spa, con sede legale in Sandrigo (VI) Via Piave [&hellip;]</p>

<!-- This site is optimized with the Yoast SEO Premium plugin v24.1 (Yoast SEO v27.3) - https://yoast.com/product/yoast-seo-premium-wordpress/ -->
<title>Informativa sul trattamento dei dati personali dei candidati - FITT</title>
<meta name="robots" content="noindex, nofollow" />
<meta property="og:locale" content="it_IT" />
<meta property="og:type" content="article" />
<meta property="og:title" content="Informativa sul trattamento dei dati personali dei candidati" />
<meta property="og:description" content="Informativa sul trattamento dei dati personali dei candidati &nbsp; INFORMATIVA SUL TRATTAMENTO DEI DATI SEZIONE “LAVORA CON NOI” del sito come da Reg UE 2016/679 In relazione ai trattamento dei dati personali forniti si informa che: Titolare del Trattamento Il Titolare del Trattamento è la società FITT Spa, con sede legale in Sandrigo (VI) Via Piave [&hellip;]" />
<meta property="og:url" content="https://www.fitt.com/it/privacy-policy/informativa-sul-trattamento-dei-dati-personali-dei-candidati/" />
<meta property="og:site_name" content="FITT" />
<meta property="article:modified_time" content="2022-05-27T12:54:53+00:00" />
<meta name="twitter:card" content="summary_large_image" />
<meta name="twitter:label1" content="Tempo di lettura stimato" />
	<meta name="twitter:data1" content="3 minuti" />
<script type="application/ld+json" class="yoast-schema-graph">{"@context":"https:\/\/schema.org","@graph":[{"@type":"WebPage","@id":"https:\/\/www.fitt.com\/it\/privacy-policy\/informativa-sul-trattamento-dei-dati-personali-dei-candidati\/","url":"https:\/\/www.fitt.com\/it\/privacy-policy\/informativa-sul-trattamento-dei-dati-personali-dei-candidati\/","name":"Informativa sul trattamento dei dati personali dei candidati - FITT","isPartOf":{"@id":"https:\/\/www.fitt.com\/it\/#website"},"datePublished":"2022-05-05T06:45:08+00:00","dateModified":"2022-05-27T12:54:53+00:00","breadcrumb":{"@id":"https:\/\/www.fitt.com\/it\/privacy-policy\/informativa-sul-trattamento-dei-dati-personali-dei-candidati\/#breadcrumb"},"inLanguage":"it-IT","potentialAction":[{"@type":"ReadAction","target":["https:\/\/www.fitt.com\/it\/privacy-policy\/informativa-sul-trattamento-dei-dati-personali-dei-candidati\/"]}]},{"@type":"BreadcrumbList","@id":"https:\/\/www.fitt.com\/it\/privacy-policy\/informativa-sul-trattamento-dei-dati-personali-dei-candidati\/#breadcrumb","itemListElement":[{"@type":"ListItem","position":1,"name":"Home","item":"https:\/\/www.fitt.com\/it\/"},{"@type":"ListItem","position":2,"name":"Privacy Policy","item":"https:\/\/www.fitt.com\/it\/privacy-policy\/"},{"@type":"ListItem","position":3,"name":"Informativa sul trattamento dei dati personali dei candidati"}]},{"@type":"WebSite","@id":"https:\/\/www.fitt.com\/it\/#website","url":"https:\/\/www.fitt.com\/it\/","name":"FITT","description":"FITT Spa","publisher":{"@id":"https:\/\/www.fitt.com\/it\/#organization"},"potentialAction":[{"@type":"SearchAction","target":{"@type":"EntryPoint","urlTemplate":"https:\/\/www.fitt.com\/it\/?s={search_term_string}"},"query-input":{"@type":"PropertyValueSpecification","valueRequired":true,"valueName":"search_term_string"}}],"inLanguage":"it-IT"},{"@type":"Organization","@id":"https:\/\/www.fitt.com\/it\/#organization","name":"Fitt SPA","url":"https:\/\/www.fitt.com\/it\/","logo":{"@type":"ImageObject","inLanguage":"it-IT","@id":"https:\/\/www.fitt.com\/it\/#\/schema\/logo\/image\/","url":"https:\/\/www.fitt.com\/wp-content\/uploads\/2022\/05\/logo-light.png","contentUrl":"https:\/\/www.fitt.com\/wp-content\/uploads\/2022\/05\/logo-light.png","width":827,"height":508,"caption":"Fitt SPA"},"image":{"@id":"https:\/\/www.fitt.com\/it\/#\/schema\/logo\/image\/"}}]}</script>
<!-- / Yoast SEO Premium plugin. -->

Informativa sul trattamento dei dati personali dei candidati &nbsp; INFORMATIVA SUL TRATTAMENTO DEI DATI SEZIONE “LAVORA CON NOI” del sito come da Reg UE 2016/679 In relazione ai trattamento dei dati personali forniti si informa che: Titolare del Trattamento Il Titolare del Trattamento è la società FITT Spa, con sede legale in Sandrigo (VI) Via Piave [&hellip;]
