{"version":"1.0","provider_name":"FITT","provider_url":"https:\/\/www.fitt.com\/fr\/","author_name":"system","author_url":"https:\/\/www.fitt.com\/fr\/news\/author\/system\/","title":"FITT au Salon du V\u00e9g\u00e9tal","type":"rich","width":600,"height":338,"html":"<blockquote class=\"wp-embedded-content\" data-secret=\"rFVM0Wf4Wl\"><a href=\"https:\/\/www.fitt.com\/fr\/news\/fitt-au-salon-du-vegetal\/\">FITT au Salon du V\u00e9g\u00e9tal<\/a><\/blockquote><iframe sandbox=\"allow-scripts\" security=\"restricted\" src=\"https:\/\/www.fitt.com\/fr\/news\/fitt-au-salon-du-vegetal\/embed\/#?secret=rFVM0Wf4Wl\" width=\"600\" height=\"338\" title=\"\u00ab\u00a0FITT au Salon du V\u00e9g\u00e9tal\u00a0\u00bb &#8212; FITT\" data-secret=\"rFVM0Wf4Wl\" frameborder=\"0\" marginwidth=\"0\" marginheight=\"0\" scrolling=\"no\" class=\"wp-embedded-content\"><\/iframe><script type=\"text\/javascript\">\n\/* <![CDATA[ *\/\n\/*! This file is auto-generated *\/\n!function(d,l){\"use strict\";l.querySelector&&d.addEventListener&&\"undefined\"!=typeof URL&&(d.wp=d.wp||{},d.wp.receiveEmbedMessage||(d.wp.receiveEmbedMessage=function(e){var t=e.data;if((t||t.secret||t.message||t.value)&&!\/[^a-zA-Z0-9]\/.test(t.secret)){for(var s,r,n,a=l.querySelectorAll('iframe[data-secret=\"'+t.secret+'\"]'),o=l.querySelectorAll('blockquote[data-secret=\"'+t.secret+'\"]'),c=new RegExp(\"^https?:$\",\"i\"),i=0;i<o.length;i++)o[i].style.display=\"none\";for(i=0;i<a.length;i++)s=a[i],e.source===s.contentWindow&&(s.removeAttribute(\"style\"),\"height\"===t.message?(1e3<(r=parseInt(t.value,10))?r=1e3:~~r<200&&(r=200),s.height=r):\"link\"===t.message&&(r=new URL(s.getAttribute(\"src\")),n=new URL(t.value),c.test(n.protocol))&&n.host===r.host&&l.activeElement===s&&(d.top.location.href=t.value))}},d.addEventListener(\"message\",d.wp.receiveEmbedMessage,!1),l.addEventListener(\"DOMContentLoaded\",function(){for(var e,t,s=l.querySelectorAll(\"iframe.wp-embedded-content\"),r=0;r<s.length;r++)(t=(e=s[r]).getAttribute(\"data-secret\"))||(t=Math.random().toString(36).substring(2,12),e.src+=\"#?secret=\"+t,e.setAttribute(\"data-secret\",t)),e.contentWindow.postMessage({message:\"ready\",secret:t},\"*\")},!1)))}(window,document);\n\/\/# sourceURL=https:\/\/www.fitt.com\/wp-includes\/js\/wp-embed.min.js\n\/* ]]> *\/\n<\/script>\n","thumbnail_url":"https:\/\/www.fitt.com\/wp-content\/uploads\/2018\/06\/cover-website-1.jpg","thumbnail_width":1108,"thumbnail_height":460,"description":"\u00ab\u00a0 Du 19 au 21 juin,&nbsp;FITT&nbsp;sera pr\u00e9sente&nbsp; au&nbsp;&nbsp;Salon du V\u00e9g\u00e9tal, le rendez-vous annuel des professionnels des univers du v\u00e9g\u00e9tal, du jardin et de la nature en ville, qui aura lieu \u00e0 Nantes dans le Parc des Expositions de la Beaujoire. La manifestation attire des exposants, acheteurs et visiteurs provenant de plus de 30 pays diff\u00e9rents [&hellip;]"}

FITT au Salon du Végétal

<blockquote class="wp-embedded-content" data-secret="rFVM0Wf4Wl"><a href="https://www.fitt.com/fr/news/fitt-au-salon-du-vegetal/">FITT au Salon du Végétal</a></blockquote><iframe sandbox="allow-scripts" security="restricted" src="https://www.fitt.com/fr/news/fitt-au-salon-du-vegetal/embed/#?secret=rFVM0Wf4Wl" width="600" height="338" title="« FITT au Salon du Végétal » &#8212; FITT" data-secret="rFVM0Wf4Wl" frameborder="0" marginwidth="0" marginheight="0" scrolling="no" class="wp-embedded-content"></iframe><script type="text/javascript">
/* <![CDATA[ */
/*! This file is auto-generated */
!function(d,l){"use strict";l.querySelector&&d.addEventListener&&"undefined"!=typeof URL&&(d.wp=d.wp||{},d.wp.receiveEmbedMessage||(d.wp.receiveEmbedMessage=function(e){var t=e.data;if((t||t.secret||t.message||t.value)&&!/[^a-zA-Z0-9]/.test(t.secret)){for(var s,r,n,a=l.querySelectorAll('iframe[data-secret="'+t.secret+'"]'),o=l.querySelectorAll('blockquote[data-secret="'+t.secret+'"]'),c=new RegExp("^https?:$","i"),i=0;i<o.length;i++)o[i].style.display="none";for(i=0;i<a.length;i++)s=a[i],e.source===s.contentWindow&&(s.removeAttribute("style"),"height"===t.message?(1e3<(r=parseInt(t.value,10))?r=1e3:~~r<200&&(r=200),s.height=r):"link"===t.message&&(r=new URL(s.getAttribute("src")),n=new URL(t.value),c.test(n.protocol))&&n.host===r.host&&l.activeElement===s&&(d.top.location.href=t.value))}},d.addEventListener("message",d.wp.receiveEmbedMessage,!1),l.addEventListener("DOMContentLoaded",function(){for(var e,t,s=l.querySelectorAll("iframe.wp-embedded-content"),r=0;r<s.length;r++)(t=(e=s[r]).getAttribute("data-secret"))||(t=Math.random().toString(36).substring(2,12),e.src+="#?secret="+t,e.setAttribute("data-secret",t)),e.contentWindow.postMessage({message:"ready",secret:t},"*")},!1)))}(window,document);
//# sourceURL=https://www.fitt.com/wp-includes/js/wp-embed.min.js
/* ]]> */
</script>

«  Du 19 au 21 juin,&nbsp;FITT&nbsp;sera présente&nbsp; au&nbsp;&nbsp;Salon du Végétal, le rendez-vous annuel des professionnels des univers du végétal, du jardin et de la nature en ville, qui aura lieu à Nantes dans le Parc des Expositions de la Beaujoire. La manifestation attire des exposants, acheteurs et visiteurs provenant de plus de 30 pays différents [&hellip;]
